{"id":26,"date":"2022-11-27T19:35:21","date_gmt":"2022-11-27T19:35:21","guid":{"rendered":"https:\/\/mackapino.se\/?page_id=26"},"modified":"2023-05-10T19:04:45","modified_gmt":"2023-05-10T19:04:45","slug":"keramik","status":"publish","type":"page","link":"https:\/\/mackapino.se\/?page_id=26","title":{"rendered":"Keramik"},"content":{"rendered":"\t\t<div data-elementor-type=\"wp-page\" data-elementor-id=\"26\" class=\"elementor elementor-26\">\n\t\t\t\t\t\t<section class=\"elementor-section elementor-top-section elementor-element elementor-element-3e3184fb elementor-section-boxed elementor-section-height-default elementor-section-height-default\" data-id=\"3e3184fb\" data-element_type=\"section\" data-e-type=\"section\">\n\t\t\t\t\t\t<div class=\"elementor-container elementor-column-gap-default\">\n\t\t\t\t\t<div class=\"elementor-column elementor-col-100 elementor-top-column elementor-element elementor-element-24522b3d\" data-id=\"24522b3d\" data-element_type=\"column\" data-e-type=\"column\">\n\t\t\t<div class=\"elementor-widget-wrap elementor-element-populated\">\n\t\t\t\t\t\t<div class=\"elementor-element elementor-element-46445245 elementor-widget elementor-widget-text-editor\" data-id=\"46445245\" data-element_type=\"widget\" data-e-type=\"widget\" data-widget_type=\"text-editor.default\">\n\t\t\t\t<div class=\"elementor-widget-container\">\n\t\t\t\t\t\t\t\t\t<div class=\"brz-root__container\"><!-- version:1680026471 --><\/div>\t\t\t\t\t\t\t\t<\/div>\n\t\t\t\t<\/div>\n\t\t\t\t\t<\/div>\n\t\t<\/div>\n\t\t\t\t\t<\/div>\n\t\t<\/section>\n\t\t\t\t<section class=\"elementor-section elementor-top-section elementor-element elementor-element-fffaed3 elementor-section-boxed elementor-section-height-default elementor-section-height-default\" data-id=\"fffaed3\" data-element_type=\"section\" data-e-type=\"section\">\n\t\t\t\t\t\t<div class=\"elementor-container elementor-column-gap-default\">\n\t\t\t\t\t<div class=\"elementor-column elementor-col-33 elementor-top-column elementor-element elementor-element-13b117b\" data-id=\"13b117b\" data-element_type=\"column\" data-e-type=\"column\">\n\t\t\t<div class=\"elementor-widget-wrap elementor-element-populated\">\n\t\t\t\t\t\t<div class=\"elementor-element elementor-element-7675f9b elementor-widget elementor-widget-image\" data-id=\"7675f9b\" data-element_type=\"widget\" data-e-type=\"widget\" data-widget_type=\"image.default\">\n\t\t\t\t<div class=\"elementor-widget-container\">\n\t\t\t\t\t\t\t\t\t\t\t\t\t\t\t<img fetchpriority=\"high\" decoding=\"async\" width=\"819\" height=\"1024\" src=\"https:\/\/mackapino.se\/wp-content\/uploads\/2023\/04\/4DA2585C-F77B-4693-AB6B-F0E9E7AF88C9-819x1024.jpg\" class=\"attachment-large size-large wp-image-173\" alt=\"\" srcset=\"https:\/\/mackapino.se\/wp-content\/uploads\/2023\/04\/4DA2585C-F77B-4693-AB6B-F0E9E7AF88C9-819x1024.jpg 819w, https:\/\/mackapino.se\/wp-content\/uploads\/2023\/04\/4DA2585C-F77B-4693-AB6B-F0E9E7AF88C9-240x300.jpg 240w, https:\/\/mackapino.se\/wp-content\/uploads\/2023\/04\/4DA2585C-F77B-4693-AB6B-F0E9E7AF88C9-768x960.jpg 768w, https:\/\/mackapino.se\/wp-content\/uploads\/2023\/04\/4DA2585C-F77B-4693-AB6B-F0E9E7AF88C9-1229x1536.jpg 1229w, https:\/\/mackapino.se\/wp-content\/uploads\/2023\/04\/4DA2585C-F77B-4693-AB6B-F0E9E7AF88C9-600x750.jpg 600w, https:\/\/mackapino.se\/wp-content\/uploads\/2023\/04\/4DA2585C-F77B-4693-AB6B-F0E9E7AF88C9.jpg 1440w\" sizes=\"(max-width: 819px) 100vw, 819px\" \/>\t\t\t\t\t\t\t\t\t\t\t\t\t\t\t<\/div>\n\t\t\t\t<\/div>\n\t\t\t\t\t<\/div>\n\t\t<\/div>\n\t\t\t\t<div class=\"elementor-column elementor-col-33 elementor-top-column elementor-element elementor-element-cafff9b\" data-id=\"cafff9b\" data-element_type=\"column\" data-e-type=\"column\">\n\t\t\t<div class=\"elementor-widget-wrap elementor-element-populated\">\n\t\t\t\t\t\t<div class=\"elementor-element elementor-element-6ffcfdf elementor-widget elementor-widget-text-editor\" data-id=\"6ffcfdf\" data-element_type=\"widget\" data-e-type=\"widget\" data-widget_type=\"text-editor.default\">\n\t\t\t\t<div class=\"elementor-widget-container\">\n\t\t\t\t\t\t\t\t\t<p>I verkstaden \u00e4lskar jag att g\u00f6ra bruksf\u00f6rem\u00e5l. Att f\u00e5 dreja en kopp eller tumma en sk\u00e5l, som sedan blir en favorit, det \u00e4r magi f\u00f6r mig!<\/p>\n<p>Att de allra enklaste f\u00f6rem\u00e5len, som i grund och botten \u00e4r skapade f\u00f6r att l\u00f6sa ett problem, ist\u00e4llet f\u00e5r bli en detalj som kan smycka en middag, eller varf\u00f6r inte ett helt rum.<\/p>\n<p>En &#8221;conversation piece&#8221;, n\u00e5got som sticker ut!<\/p>\t\t\t\t\t\t\t\t<\/div>\n\t\t\t\t<\/div>\n\t\t\t\t\t<\/div>\n\t\t<\/div>\n\t\t\t\t<div class=\"elementor-column elementor-col-33 elementor-top-column elementor-element elementor-element-bf12ceb\" data-id=\"bf12ceb\" data-element_type=\"column\" data-e-type=\"column\">\n\t\t\t<div class=\"elementor-widget-wrap elementor-element-populated\">\n\t\t\t\t\t\t<div class=\"elementor-element elementor-element-49bbd8b elementor-widget elementor-widget-image\" data-id=\"49bbd8b\" data-element_type=\"widget\" data-e-type=\"widget\" data-widget_type=\"image.default\">\n\t\t\t\t<div class=\"elementor-widget-container\">\n\t\t\t\t\t\t\t\t\t\t\t\t\t\t\t<img decoding=\"async\" width=\"768\" height=\"1024\" src=\"https:\/\/mackapino.se\/wp-content\/uploads\/2023\/03\/IMG_2006-2-768x1024.jpg\" class=\"attachment-large size-large wp-image-136\" alt=\"\" srcset=\"https:\/\/mackapino.se\/wp-content\/uploads\/2023\/03\/IMG_2006-2-768x1024.jpg 768w, https:\/\/mackapino.se\/wp-content\/uploads\/2023\/03\/IMG_2006-2-225x300.jpg 225w, https:\/\/mackapino.se\/wp-content\/uploads\/2023\/03\/IMG_2006-2-1152x1536.jpg 1152w, https:\/\/mackapino.se\/wp-content\/uploads\/2023\/03\/IMG_2006-2-1536x2048.jpg 1536w, https:\/\/mackapino.se\/wp-content\/uploads\/2023\/03\/IMG_2006-2-600x800.jpg 600w, https:\/\/mackapino.se\/wp-content\/uploads\/2023\/03\/IMG_2006-2-scaled.jpg 1920w\" sizes=\"(max-width: 768px) 100vw, 768px\" \/>\t\t\t\t\t\t\t\t\t\t\t\t\t\t\t<\/div>\n\t\t\t\t<\/div>\n\t\t\t\t\t<\/div>\n\t\t<\/div>\n\t\t\t\t\t<\/div>\n\t\t<\/section>\n\t\t\t\t<\/div>\n\t\t","protected":false},"excerpt":{"rendered":"<p>I verkstaden \u00e4lskar jag att g\u00f6ra bruksf\u00f6rem\u00e5l. Att f\u00e5 dreja en kopp eller tumma en sk\u00e5l, som sedan blir en favorit, det \u00e4r magi f\u00f6r mig! Att de allra enklaste f\u00f6rem\u00e5len, som i grund och botten \u00e4r skapade f\u00f6r att l\u00f6sa ett problem, ist\u00e4llet f\u00e5r bli en detalj som kan smycka en middag, eller varf\u00f6r &hellip; <\/p>\n","protected":false},"author":1,"featured_media":0,"parent":0,"menu_order":0,"comment_status":"closed","ping_status":"closed","template":"","meta":{"footnotes":""},"class_list":["post-26","page","type-page","status-publish","hentry"],"yoast_head":"<!-- This site is optimized with the Yoast SEO plugin v27.5 - https:\/\/yoast.com\/product\/yoast-seo-wordpress\/ -->\n<title>Keramik -<\/title>\n<meta name=\"robots\" content=\"index, follow, max-snippet:-1, max-image-preview:large, max-video-preview:-1\" \/>\n<link rel=\"canonical\" href=\"https:\/\/mackapino.se\/?page_id=26\" \/>\n<meta property=\"og:locale\" content=\"sv_SE\" \/>\n<meta property=\"og:type\" content=\"article\" \/>\n<meta property=\"og:title\" content=\"Keramik -\" \/>\n<meta property=\"og:description\" content=\"I verkstaden \u00e4lskar jag att g\u00f6ra bruksf\u00f6rem\u00e5l. Att f\u00e5 dreja en kopp eller tumma en sk\u00e5l, som sedan blir en favorit, det \u00e4r magi f\u00f6r mig! Att de allra enklaste f\u00f6rem\u00e5len, som i grund och botten \u00e4r skapade f\u00f6r att l\u00f6sa ett problem, ist\u00e4llet f\u00e5r bli en detalj som kan smycka en middag, eller varf\u00f6r &hellip;\" \/>\n<meta property=\"og:url\" content=\"https:\/\/mackapino.se\/?page_id=26\" \/>\n<meta property=\"article:modified_time\" content=\"2023-05-10T19:04:45+00:00\" \/>\n<meta property=\"og:image\" content=\"https:\/\/mackapino.se\/wp-content\/uploads\/2023\/04\/4DA2585C-F77B-4693-AB6B-F0E9E7AF88C9-819x1024.jpg\" \/>\n<meta name=\"twitter:card\" content=\"summary_large_image\" \/>\n<meta name=\"twitter:label1\" content=\"Ber\u00e4knad l\u00e4stid\" \/>\n\t<meta name=\"twitter:data1\" content=\"1 minut\" \/>\n<script type=\"application\/ld+json\" class=\"yoast-schema-graph\">{\"@context\":\"https:\\\/\\\/schema.org\",\"@graph\":[{\"@type\":\"WebPage\",\"@id\":\"https:\\\/\\\/mackapino.se\\\/?page_id=26\",\"url\":\"https:\\\/\\\/mackapino.se\\\/?page_id=26\",\"name\":\"Keramik -\",\"isPartOf\":{\"@id\":\"https:\\\/\\\/mackapino.se\\\/#website\"},\"primaryImageOfPage\":{\"@id\":\"https:\\\/\\\/mackapino.se\\\/?page_id=26#primaryimage\"},\"image\":{\"@id\":\"https:\\\/\\\/mackapino.se\\\/?page_id=26#primaryimage\"},\"thumbnailUrl\":\"https:\\\/\\\/mackapino.se\\\/wp-content\\\/uploads\\\/2023\\\/04\\\/4DA2585C-F77B-4693-AB6B-F0E9E7AF88C9-819x1024.jpg\",\"datePublished\":\"2022-11-27T19:35:21+00:00\",\"dateModified\":\"2023-05-10T19:04:45+00:00\",\"breadcrumb\":{\"@id\":\"https:\\\/\\\/mackapino.se\\\/?page_id=26#breadcrumb\"},\"inLanguage\":\"sv-SE\",\"potentialAction\":[{\"@type\":\"ReadAction\",\"target\":[\"https:\\\/\\\/mackapino.se\\\/?page_id=26\"]}]},{\"@type\":\"ImageObject\",\"inLanguage\":\"sv-SE\",\"@id\":\"https:\\\/\\\/mackapino.se\\\/?page_id=26#primaryimage\",\"url\":\"https:\\\/\\\/mackapino.se\\\/wp-content\\\/uploads\\\/2023\\\/04\\\/4DA2585C-F77B-4693-AB6B-F0E9E7AF88C9.jpg\",\"contentUrl\":\"https:\\\/\\\/mackapino.se\\\/wp-content\\\/uploads\\\/2023\\\/04\\\/4DA2585C-F77B-4693-AB6B-F0E9E7AF88C9.jpg\",\"width\":1440,\"height\":1800},{\"@type\":\"BreadcrumbList\",\"@id\":\"https:\\\/\\\/mackapino.se\\\/?page_id=26#breadcrumb\",\"itemListElement\":[{\"@type\":\"ListItem\",\"position\":1,\"name\":\"Hem\",\"item\":\"https:\\\/\\\/mackapino.se\\\/\"},{\"@type\":\"ListItem\",\"position\":2,\"name\":\"Keramik\"}]},{\"@type\":\"WebSite\",\"@id\":\"https:\\\/\\\/mackapino.se\\\/#website\",\"url\":\"https:\\\/\\\/mackapino.se\\\/\",\"name\":\"\",\"description\":\"\",\"potentialAction\":[{\"@type\":\"SearchAction\",\"target\":{\"@type\":\"EntryPoint\",\"urlTemplate\":\"https:\\\/\\\/mackapino.se\\\/?s={search_term_string}\"},\"query-input\":{\"@type\":\"PropertyValueSpecification\",\"valueRequired\":true,\"valueName\":\"search_term_string\"}}],\"inLanguage\":\"sv-SE\"}]}<\/script>\n<!-- \/ Yoast SEO plugin. -->","yoast_head_json":{"title":"Keramik -","robots":{"index":"index","follow":"follow","max-snippet":"max-snippet:-1","max-image-preview":"max-image-preview:large","max-video-preview":"max-video-preview:-1"},"canonical":"https:\/\/mackapino.se\/?page_id=26","og_locale":"sv_SE","og_type":"article","og_title":"Keramik -","og_description":"I verkstaden \u00e4lskar jag att g\u00f6ra bruksf\u00f6rem\u00e5l. Att f\u00e5 dreja en kopp eller tumma en sk\u00e5l, som sedan blir en favorit, det \u00e4r magi f\u00f6r mig! Att de allra enklaste f\u00f6rem\u00e5len, som i grund och botten \u00e4r skapade f\u00f6r att l\u00f6sa ett problem, ist\u00e4llet f\u00e5r bli en detalj som kan smycka en middag, eller varf\u00f6r &hellip;","og_url":"https:\/\/mackapino.se\/?page_id=26","article_modified_time":"2023-05-10T19:04:45+00:00","og_image":[{"url":"https:\/\/mackapino.se\/wp-content\/uploads\/2023\/04\/4DA2585C-F77B-4693-AB6B-F0E9E7AF88C9-819x1024.jpg","type":"","width":"","height":""}],"twitter_card":"summary_large_image","twitter_misc":{"Ber\u00e4knad l\u00e4stid":"1 minut"},"schema":{"@context":"https:\/\/schema.org","@graph":[{"@type":"WebPage","@id":"https:\/\/mackapino.se\/?page_id=26","url":"https:\/\/mackapino.se\/?page_id=26","name":"Keramik -","isPartOf":{"@id":"https:\/\/mackapino.se\/#website"},"primaryImageOfPage":{"@id":"https:\/\/mackapino.se\/?page_id=26#primaryimage"},"image":{"@id":"https:\/\/mackapino.se\/?page_id=26#primaryimage"},"thumbnailUrl":"https:\/\/mackapino.se\/wp-content\/uploads\/2023\/04\/4DA2585C-F77B-4693-AB6B-F0E9E7AF88C9-819x1024.jpg","datePublished":"2022-11-27T19:35:21+00:00","dateModified":"2023-05-10T19:04:45+00:00","breadcrumb":{"@id":"https:\/\/mackapino.se\/?page_id=26#breadcrumb"},"inLanguage":"sv-SE","potentialAction":[{"@type":"ReadAction","target":["https:\/\/mackapino.se\/?page_id=26"]}]},{"@type":"ImageObject","inLanguage":"sv-SE","@id":"https:\/\/mackapino.se\/?page_id=26#primaryimage","url":"https:\/\/mackapino.se\/wp-content\/uploads\/2023\/04\/4DA2585C-F77B-4693-AB6B-F0E9E7AF88C9.jpg","contentUrl":"https:\/\/mackapino.se\/wp-content\/uploads\/2023\/04\/4DA2585C-F77B-4693-AB6B-F0E9E7AF88C9.jpg","width":1440,"height":1800},{"@type":"BreadcrumbList","@id":"https:\/\/mackapino.se\/?page_id=26#breadcrumb","itemListElement":[{"@type":"ListItem","position":1,"name":"Hem","item":"https:\/\/mackapino.se\/"},{"@type":"ListItem","position":2,"name":"Keramik"}]},{"@type":"WebSite","@id":"https:\/\/mackapino.se\/#website","url":"https:\/\/mackapino.se\/","name":"","description":"","potentialAction":[{"@type":"SearchAction","target":{"@type":"EntryPoint","urlTemplate":"https:\/\/mackapino.se\/?s={search_term_string}"},"query-input":{"@type":"PropertyValueSpecification","valueRequired":true,"valueName":"search_term_string"}}],"inLanguage":"sv-SE"}]}},"_links":{"self":[{"href":"https:\/\/mackapino.se\/index.php?rest_route=\/wp\/v2\/pages\/26","targetHints":{"allow":["GET"]}}],"collection":[{"href":"https:\/\/mackapino.se\/index.php?rest_route=\/wp\/v2\/pages"}],"about":[{"href":"https:\/\/mackapino.se\/index.php?rest_route=\/wp\/v2\/types\/page"}],"author":[{"embeddable":true,"href":"https:\/\/mackapino.se\/index.php?rest_route=\/wp\/v2\/users\/1"}],"replies":[{"embeddable":true,"href":"https:\/\/mackapino.se\/index.php?rest_route=%2Fwp%2Fv2%2Fcomments&post=26"}],"version-history":[{"count":12,"href":"https:\/\/mackapino.se\/index.php?rest_route=\/wp\/v2\/pages\/26\/revisions"}],"predecessor-version":[{"id":184,"href":"https:\/\/mackapino.se\/index.php?rest_route=\/wp\/v2\/pages\/26\/revisions\/184"}],"wp:attachment":[{"href":"https:\/\/mackapino.se\/index.php?rest_route=%2Fwp%2Fv2%2Fmedia&parent=26"}],"curies":[{"name":"wp","href":"https:\/\/api.w.org\/{rel}","templated":true}]}}